atest common factor of 60 and v?
4
Suppose -z = -7*a + 9*a - 7, -5*a + 3*z + 23 = 0. Let t be ((-9)/15)/(a/(-40)). What is the greatest common factor of t and 15?
3
Suppose 0 = 5*j - 68 + 58. Suppose -8 = -0*y - j*y. Calculate the greatest common factor of 32 and y.
4
Let f = -27 - -180. Suppose 0 = -4*j + 3*j + f. Suppose j = 2*x - 3*w, 2*x - w = 7 + 140. Calculate the highest common divisor of 48 and x.
24
Suppose 16*c - 15 = 49. What is the greatest common divisor of 3 and c?
1
Let y be (2 + -1)/(3/(-21)). Let d = y + 19. Let p = 812 - 809. What is the greatest common factor of p and d?
3
Let v be (2/(-5))/(2/10). Let d be ((-4)/(-10))/(30/75). Let m be (v + d)/1 - -13. What is the highest common factor of 18 and m?
6
Suppose 12 = 4*v, -49*v - 391 = -5*p - 46*v. Suppose -4*u + 30 + 10 = 0. What is the highest common divisor of p and u?
10
Suppose -3*b + 5*q + 6 = 0, 4*q - 3 = b - 5. Let w be (-1)/2 - (-10)/4. Suppose -w = -2*u + b. Calculate the highest common divisor of u and 18.
2
Suppose 5*y - 2*k - 151 = -3*k, -5*k = -5. What is the highest common divisor of 20 and y?
10
Suppose p - 8 = 24. What is the greatest common divisor of 16 and p?
16
Suppose -5*i + 18 = -4*y, -3*i + 0*i = 2*y - 24. Let n(r) = i*r - 9 + 0*r + 4*r**2 + 0*r. Let x be n(-6). What is the highest common divisor of 11 and x?
11
Let v(f) = -20*f**2 - 49*f + 23. Let a(b) = 7*b**2 + 16*b - 8. Let p(s) = -8*a(s) - 3*v(s). Let k be p(-8). What is the greatest common divisor of k and 11?
11
Let g(r) = -r**2 - 67*r - 462. Let i be g(-56). Calculate the highest common factor of i and 44.
22
Let j be -6*6/54*-150. Calculate the highest common factor of 450 and j.
50
Suppose -26*f + 342 = -594. Calculate the greatest common factor of 612 and f.
36
Let b = -33 - -52. Let f = 29 - b. Let m be 1/2*16*3/12. What is the greatest common factor of m and f?
2
Suppose 0 = 4*n - 3*t - 86, 5*t - 30 = 4*n - 6*n. Let d be 24/32*23/((-69)/(-16)). What is the greatest common factor of d and n?
4
Let y(p) = 24*p - 32. Let u be y(2). Calculate the highest common divisor of 184 and u.
8
Let k = -99 + 114. Calculate the greatest common divisor of 30 and k.
15
Let g = 11 - 1. Suppose 5*d = i - 6*i - 25, 2*i + 5*d + 10 = 0. Let f = g - i. Calculate the greatest common factor of 3 and f.
3
Let u(t) = 171*t**2 + 7*t + 1. Let q be u(-1). Calculate the greatest common factor of q and 55.
55
Let f be -1 + (8/(-4) - -9). Suppose -f*g = -g. Let p = g + 12. What is the greatest common divisor of p and 132?
12
Suppose -617 = -10*k - 337. Calculate the highest common divisor of k and 49.
7
Let f = 4 + -6. Let n = f - -9. Calculate the greatest common factor of 77 and n.
7
Suppose 34 = 4*y - 22. Suppose -4*r = 4*z - r - 436, -z = -2*r - 120. Calculate the highest common factor of y and z.
14
Suppose -18*z = 23 - 131. What is the greatest common factor of 57 and z?
3
Let i(x) = -x**3 + 10*x**2 - 5*x - 12. Let w be i(9). Suppose -2*o + 33 = 4*y - 105, 0 = 3*y - 3*o - 117. What is the greatest common factor of y and w?
12
Let r(z) = 5*z**2 + 24*z - 3. Let a be r(-5). Suppose -3 = a*c - 31. Calculate the highest common divisor of c and 56.
14
Suppose 3*h + 39 = 2*o - 39, -74 = -2*o + 4*h. Let x = 65 - o. What is the highest common divisor of 140 and x?
20
Suppose 4*b + 58 = 6*b. Let g = -26 + b. Suppose r + j = 7, 0 = -r + g*r - 5*j + 14. What is the greatest common divisor of 1 and r?
1
Let d = 352 + -170. What is the greatest common divisor of 14 and d?
14
Suppose 0 = 4*l - 3 - 17. Let y(k) = k + 2. Let u be y(l). Suppose -5*p + u*p - 14 = 0. What is the greatest common factor of p and 35?
7
Let o = 478 + -473. What is the highest common divisor of 45 and o?
5
Suppose 4*l = -5*c + 31, -5*c + 6 = -l - 5. Suppose 5*n = l*n + 26. What is the highest common divisor of 39 and n?
13
Let u(r) = r**3 + 8*r**2 + 7*r + 1. Let v(c) = c**2 - 7. Let h = 7 - 7. Let d be v(h). Let w be u(d). Calculate the greatest common factor of w and 5.
1
Let v be 0*(-3 - (-3 - (-4)/(-8))). Suppose -g - 2*g + 585 = v. Calculate the greatest common factor of 15 and g.
15
Let z be (-2)/1 - (-15 - 85). What is the highest common factor of z and 14?
14
Let x(j) = -2*j**2 + 102*j + 6. Let v be x(51). What is the highest common factor of 720 and v?
6
Let a be (10/3)/(-5)*6/(-4). Suppose 2*l = 7 + a. What is the greatest common divisor of 4 and l?
4
Suppose -2*h = -4*f + 158, 0 = -f - h + 8 + 33. What is the greatest common factor of 72 and f?
8
Let q(x) = 2*x + 2. Let y be q(3). Suppose -5*w + i + 919 = 0, -i - 4*i + 346 = 2*w. Suppose 23 = -4*t + w. Calculate the highest common divisor of y and t.
8
Let x = -91 - -141. What is the highest common factor of 150 and x?
50
Let d be -1*(1 + 0)*-112. Let y be ((-33)/22)/(15/(-160)). What is the greatest common factor of y and d?
16
Let u(f) = -f + 9. Suppose -7*j = -9*j. Suppose 12 = 2*z - j*z. Let d be u(z). What is the greatest common divisor of 2 and d?
1
Suppose 0 = -5*f + 5*y + 90, 4*y + 32 = -0*f + 2*f. Suppose 0 = -3*o + 213 + 207. Let v be (0 - -1)/(7/o). What is the highest common divisor of v and f?
20
Let k(h) = -2*h**3 - 12*h**2 + 19*h + 103. Let n be k(-7). What is the greatest common factor of n and 221?
17
Let t(j) = 36*j**2 + 33*j - 115. Let d be t(5). What is the highest common divisor of 38 and d?
38
Let r = 135 + -760. Let o = r - -969. Suppose -4*f - 3*w + 7*w = -o, -3*w + 228 = 3*f. What is the highest common divisor of 9 and f?
9
Suppose -22 - 3 = -5*j. Let p be j/(1 - (-1 - -1)). Suppose -2*w + w + 5*z = -48, 0 = -3*w + p*z + 94. Calculate the highest common divisor of w and 69.
23
Let u = 1464 - 1420. Suppose -704 = h - 5*h. What is the greatest common divisor of u and h?
44
Let f(w) = -w**2 + 8*w. Let p be f(8). Suppose p = g - 4 - 1. Suppose 9*a - 10*a + g = 0. What is the highest common factor of a and 45?
5
Let f(b) = 23*b**2 - 2*b. Let g be f(-2). Let x(m) = 12*m**2 - 79*m - 3. Let l be x(7). What is the greatest common factor of g and l?
32
Suppose -4*w - 3*b + 119 = 36, 5*w - 104 = -4*b. Let z be (-2)/(-6) + 26/(-6). Let y be -2 + (-124)/z*2. What is the greatest common divisor of w and y?
20
Let h = 278 + -198. What is the greatest common factor of h and 50?
10
Let h = 82 + -54. Calculate the greatest common factor of h and 4.
4
Let f(b) = -b**3 - 14*b**2 + 15*b - 3. Let k be f(-15). Let m be 3/(4/(-104)*k). Let o = m - 11. Calculate the greatest common factor of 15 and o.
15
Let i be (-6)/8*440/(-66). Let p be (-400)/60*(-9)/i. What is the highest common factor of p and 8?
4
Let q(x) be the second derivative of x**5/20 + x**4/12 + 15*x**2/2 - 13*x. Let b be q(0). Calculate the greatest common factor of b and 6.
3
Let a = -49 - -77. Let t(n) = -34*n + 48. Let q be t(1). Calculate the greatest common divisor of a and q.
14
Let a(i) = i**3 - 10*i**2 - 14*i + 13. Let t be a(11). Let o(u) = u + 19. Let x be o(t). Let g be 570/6 - 3*x. What is the greatest common divisor of g and 14?
14
Let p be 2/((-258)/(-63) - 4). Suppose w + 0 = 2. Suppose w*d - p = -1. Calculate the greatest common divisor of d and 90.
10
Let w = -26 + 58. Let t = w + 38. Calculate the highest common factor of 7 and t.
7
Let o be 0 - -3 - (1 + -214). Suppose 5*n - b = o, n - 5*b - 35 = 13. Calculate the greatest common divisor of 473 and n.
43
Let z = 375 + -360. Calculate the greatest common divisor of 345 and z.
15
Suppose 0 = 2*j + 2*j + 5960. Let l be j/(-50) + 1/5. Calculate the highest common divisor of l and 15.
15
Let w(v) = -3*v - 11. Let g be w(-13). Let k be (-92)/(-18)*3*3. Let t = k - g. What is the greatest common factor of 6 and t?
6
Suppose 18*g = g - 2142. Let q = 261 + g. What is the highest common divisor of q and 54?
27
Let q be 1479/(-27)*-3 - 5/15. Calculate the highest common divisor of 4 and q.
4
Let h be 8/(-1)*27/(-18). Let g = 59 - 28. Suppose -i + 47 = 5*w + 2, 2*w - g = -3*i. Calculate the greatest common factor of h and w.
4
Let p(y) = y**3 - y**2 - 3*y - 4. Suppose 3*j + s = 10 - 2, 0 = -3*s - 3. Let k be p(j). Calculate the highest common divisor of 35 and k.
5
Let l be (-47)/(-9) - (-2)/(-9). Suppose l*n - 28 = -8. Suppose -3*v + 5*h + 39 = -2*v, -n*v + 4*h + 92 = 0. Calculate the greatest common divisor of v and 95.
19
Suppose -8*u - 12*u + 2160 = 0. Calculate the 